ts digit of i?
3
Let o be 3 + 0 + (0 - -3). Let v be o/((-1)/(114/(-9))). Suppose -2*y + 3*y + 3*s - 29 = 0, -4*y - 4*s = -v. What is the tens digit of y?
1
Let o = -35 - -27. What is the units digit of (o/(-12))/((-2)/(-3))?
1
Suppose -1826 = -5*k + b, 248 = -3*k + 2*b + 1338. What is the hundreds digit of k?
3
Let s(m) = 46*m - 24. Suppose 21 = -0*b + 3*b. What is the hundreds digit of s(b)?
2
Suppose 10*z + 3000 = 16*z. What is the units digit of z?
0
Suppose -2*v + 0*v - 418 = 4*x, 0 = 5*x - v + 526. What is the units digit of 110/33*x/(-2)?
5
Let y(s) = s**2 - 6*s - 3. What is the tens digit of y(-5)?
5
Suppose 588*u - 558 = 585*u. What is the units digit of u?
6
Suppose 0*x - 4 = -x. Suppose 15 = 5*h - x*y, -h - 3*y + 3 = -0. Suppose h*g = -2*g + 60. What is the tens digit of g?
1
What is the units digit of (80/12 - 5) + 336209/51?
4
What is the tens digit of 843/(-4)*16/(-6) - -5?
6
Let t be ((-16)/20 + 0)*-160. Suppose -t - 84 = 4*d. Let y = d - -78. What is the tens digit of y?
2
Let j = 50 - 46. Suppose -t = -j, 4*u + 7*t - 180 = 3*t. What is the tens digit of u?
4
Let q = -22 - -40. What is the tens digit of 922/q + 8/(-36)?
5
Suppose 0 = 5*g, -16*c + 12*c - 5*g + 88 = 0. Let u be 254/8 + (-1)/(-4). Let s = c + u. What is the units digit of s?
4
Suppose -318 = -3*s - 87. Let r = s + -23. Suppose 3*t - 2*o = 2*o + 54, -3*t = 2*o - r. What is the tens digit of t?
1
Suppose 2*w + 75 = -79. Let x = 6 - w. What is the units digit of x?
3
Let u(a) = a**3 - 12*a**2 - 14*a + 7. Let o be u(13). Let t(m) = m**3 + 8*m**2 + 11*m + 14. What is the units digit of t(o)?
0
Let f be 9 + 85 - 0/(-1). Suppose 4*l = -v - v - f, l = -2*v - 22. Let y = 49 + l. What is the tens digit of y?
2
Suppose -4*o = 2*h + 2*h - 60, 5 = -h + 3*o. Suppose 7*i - h = 5*i. Suppose 4*x = -i*a - 12, -4*x = -0*x - 4*a - 24. What is the units digit of x?
2
Let u = -27 + 30. Suppose 3*m - u - 3 = 0. Suppose -5*c + 96 = 2*r, -m*c + 114 = 4*r - 62. What is the tens digit of r?
4
Suppose -5*m = -2*z - 3293 + 198, m + 3*z - 636 = 0. What is the hundreds digit of m?
6
Let k be (2/6)/((-4)/(-276)). Let s = k - 50. What is the tens digit of 0 + -3 - (s + 2)?
2
Let c(q) = 28*q**2 - 1. Let u be c(1). Let i = u + 17. What is the tens digit of i?
4
Let a = 80 + 636. What is the hundreds digit of a?
7
What is the thousands digit of (2/3)/((-17913)/(-8955) + -2)?
1
Suppose -8*q = -10*q + 224. What is the tens digit of q?
1
Suppose -94*w = -96*w + 460. Suppose 0 = -h - 3*m + w, -465 = 5*h + 5*m - 1665. What is the units digit of h?
5
Suppose -34*f + 29*f + 1121 = s, 0 = 3*f - 15. What is the tens digit of s?
9
Suppose -2*a + 15 = 3*a. Suppose -2*y + 0*y - 11 = -p, -2*y = a*p - 9. Let z(d) = 2*d**2 - d + 1. What is the units digit of z(y)?
2
Let g(u) = -u + 31. Let o be (4/12)/(1/30). Let a be g(o). Suppose -2*z + 25 = -a. What is the tens digit of z?
2
Let g be (-20)/3 + (-6)/18. Let z(x) = -x - 11. Let j be z(g). What is the tens digit of (j/2 + -20)/(-1)?
2
Suppose 0 = 3*c + 2*s + 5, -c + 2*s = 2*c + 13. Let t be 10/(0 - c/6). What is the units digit of t/(1 - 0) + -2?
8
Let g = -761 + 1389. What is the tens digit of g?
2
Let g = 1853 - 734. Suppose -71 = -10*r + g. What is the tens digit of r?
1
Suppose 5*y - p - 88 = 0, 3*y = 2*p - p + 52. Let m(n) = 3*n - 17. Let a be m(6). What is the tens digit of -6 - -4 - (a - y)?
1
Let m(p) = 2*p + 1. Let w = 0 - 3. Let o(j) = j - 1. Let a(u) = w*o(u) + m(u). What is the units digit of a(-5)?
9
Let d be -4*(-15)/(-6)*-8. Suppose -22 - d = -2*i. What is the units digit of i?
1
Let f(x) = -x + 12. Let i(l) = 4*l - 37. Let m(u) = 7*f(u) + 2*i(u). Let y be m(-8). Suppose -y*o = 4*k - 8, -k + 1 + 1 = -5*o. What is the units digit of k?
2
Suppose 0 = -5*k + 3*d + 16 + 11, -3*d - 9 = -2*k. Suppose -k*a + 1146 = -0*a. What is the hundreds digit of a?
1
Let v be 39/6*(2 + 32). Suppose 4*q = -4*y + 272, 2*y - 3*q + 95 - v = 0. What is the tens digit of y?
6
Suppose 4*d - 2*d = -44. Let c(o) = 2*o**3 + 13*o**2 + 9*o + 4. Let v be c(-5). Let l = v + d. What is the tens digit of l?
1
Suppose 161 = 4*d - u, -2*d - 5*u + 58 = -39. Let n = -28 + d. Let w = n - -8. What is the tens digit of w?
2
Suppose 0 = -4*l - z + 151, 5*l - 2*z - 2*z - 173 = 0. Suppose 0 = -3*u + c - 14 - 90, -2*u - 4*c = 60. Let n = u + l. What is the units digit of n?
3
Let p = 3774 - 2149. What is the hundreds digit of p?
6
Let n = 33 + 1787. What is the tens digit of n?
2
Let u = 25 + -30. Let j(r) = -r**2 - 5*r + 2. Let l be j(u). Let s(f) = 22*f + 4. What is the tens digit of s(l)?
4
Suppose 5*h + 3*t = -0*t + 390, 0 = -5*h + 5*t + 430. Suppose -227 = -4*a + h. What is the tens digit of a?
7
Let h(j) = 2*j + 18. Let w be h(-7). Suppose 4*r = -4*k + 100, 0*k = -3*r + w*k + 75. What is the tens digit of r?
2
Let t(p) = -6*p**2 - p - 84. Let w(n) = n**2. Let o(k) = t(k) + 5*w(k). Let q be o(0). Let g = q + 123. What is the units digit of g?
9
Suppose 5*m = 4*i + 50, 0*m = i + m + 17. Let k = 19 + i. Suppose k*h - 5 = 3. What is the units digit of h?
2
Suppose -2*d - 3*h - 28 = -0, 0 = d - 4*h - 8. Let c(b) = b**3 + 8*b**2 - 8*b - 14. What is the units digit of c(d)?
0
What is the tens digit of (4/3)/((-21)/(-15687))?
9
Suppose 5*w - 60 = -4*u, -3*u - 30 = -5*u + w. Let v(g) = -2*g**2 + u*g**2 + 3*g**3 + 0*g**3 + 7 - 2*g**3. What is the units digit of v(-13)?
7
Let y = 16 + -20. Let k(s) = s**2 + 7*s + 8. Let r be k(y). What is the units digit of (-2852)/(-36) - r/(-18)?
9
Let k(n) = n**2 + 9*n + 5. Let b be k(-5). Let o = 25 - b. What is the tens digit of o?
4
Suppose -86*f + 1215 = -81*f. What is the units digit of f?
3
Let o(l) = -126*l**3 + l. Suppose 4*p + 2*i - 11 = 7*p, -5*p = -3*i + 17. What is the tens digit of o(p)?
2
Let x(u) be the first derivative of 3/2*u**2 - 2 - 17*u. What is the tens digit of x(14)?
2
Suppose 3*b + 10 = -2*b, -3*z = -5*b - 3670. What is the hundreds digit of z?
2
Let q(m) = 53*m + 20. Let b(i) = -3*i - 37. Let z be b(-14). What is the tens digit of q(z)?
8
Let c be -3*(-28)/12 + -1. Let f(z) = z + z**2 + 16 - 8*z - 9. What is the units digit of f(c)?
1
Suppose -5 = 5*b, 5*l - 2*b = -0*b + 642. What is the hundreds digit of l?
1
Suppose 3*f + 17 + 25 = 0. Let v = 22 + f. Let d = v - -15. What is the tens digit of d?
2
Suppose 2*u = 81 - 3. Let s be (20/(-16))/(-1)*4. Suppose 26 = s*z - u. What is the tens digit of z?
1
Suppose 15*z - 1456 = -13*z. What is the tens digit of z?
5
Suppose -5*t - 4455 = -5*r, 2*t - 4*t - 3556 = -4*r. What is the units digit of r?
7
Let l = 1262 - 851. What is the units digit of l?
1
What is the hundreds digit of (6*2/12)/(2/636)?
3
Suppose -8 = -d + 3*d. Let i(f) = f + 4. Let j be i(d). Suppose -m + 2*m - 14 = j. What is the tens digit of m?
1
What is the units digit of (-844)/8*38/(-19)?
1
Let q = 5 - 1. Suppose -5*r + 28 = q*i - 28, 0 = -5*r - 5*i + 55. Suppose -6*s + 66 = -r. What is the tens digit of s?
1
Let a(p) = -15 + 13*p - 22*p - 20*p. What is the units digit of a(-5)?
0
Suppose 2*m + g = 97, -5*g + 9*g + 210 = 5*m. What is the units digit of m?
6
Let a(p) be the third derivative of -p**4/24 - 2*p**3/3 + 4*p**2. Let b be a(-6). Suppose b*j - 26 = j. What is the units digit of j?
6
Let j be (-5 - 0)*(-1)/2*22. Let d = 71 + j. What is the units digit of d?
6
Let w(n) = 12*n - 11. Let v(x) = -11*x + 10. Let o(m) = 6*v(m) + 7*w(m). Let z be o(14). Suppose 0 = 3*u + 2*u - z. What is the units digit of u?
7
Suppose 3*w = 1669 - 517. Suppose -w = -0*m - 4*m. What is the units digit of m?
6
Let r be 22/(-5) + 4/10. Suppose 2*u = 5*u. What is the units digit of 35 - u/(r*1)?
5
Let v = -160 + 415. What is the tens digit of v?
5
Suppose 1581 = -33*f + 158628. What is the thousands digit of f?
4
Let j(w) = 3*w**2 - 13*w + 135. What is the hundreds digit of j(22)?
3
Let o = 1559 - 1051. What is the tens digit of o?
0
Let c(a) = -a**2 - 3 + 12*a + 2 + 10. Let h be c(12). What is the tens digit of 10/(-45) - (-443)/h?
4
Let t(l) = 136*l - 158. What is the hundreds digit of t(13)?
6
Let b(c) = 2*c**2 + 4*c - 7. Let q be b(-4). Let d = q + 44. What is the units digit of d?
3
Let q(j) = j**3 - 5*j**2 + j - 4. Let h be q(5). Suppose 0 = -z - h, d - 3*z - 4 = -z. Suppose -d*o + 8 = -0. What is the units digit of o?
4
What is the te